 -152 - -205. Calculate the remainder when p is divided by l.
9
Suppose 931*g = 925*g + 180. What is the remainder when 19368/216*(6 - 0) is divided by g?
28
Let v be (102/9)/((-30)/45). Let s(b) = b**2 + 10*b - 79. What is the remainder when s(v) is divided by 24?
16
Suppose 2*b - 100 = -3*w + 101, -2*w - b + 134 = 0. Calculate the remainder when 330 is divided by w.
62
Suppose -42*p + 2046 = -2*p - 7*p. Let y(u) = 12*u + 8. Calculate the remainder when y(14) is divided by p.
52
Suppose -41 = -2*c + 9. Suppose -4*o + c = -3*o - 5*a, -2*o + 2 = 2*a. Calculate the remainder when 3 + o/2*(-68)/(-5) is divided by 13.
11
Suppose 3*q + 2*l - 110 = 3*l, -116 = -3*q + 4*l. Let m(u) = -2*u**3 - 9*u**2 - 7*u - 7. Let y = -15 - -9. What is the remainder when m(y) is divided by q?
35
Calculate the remainder when (-115)/92 - 903397/(-68) is divided by 129.
126
Let t = -9 + 0. Let j = t + 10. What is the remainder when 15 is divided by 3/(-8 - -5) - -3*j?
1
What is the remainder when ((-110)/(-30)*-6)/(6/(-57)) is divided by 47?
21
Suppose 0 = c - 4*m - 49, 355*c - 351*c - 3*m = 105. What is the remainder when 25*10*(-1)/(-2) is divided by c?
20
Suppose 21*k + 330 = -9*k. Let z(b) = b + 16. What is the remainder when 23 is divided by z(k)?
3
What is the remainder when ((-27)/(-5))/(49/980) is divided by 20?
8
Let l(h) = h**3 + h**2 + 2*h + 5. Let c be l(-3). Let q = c + 25. Let r(n) = -2*n + 32. What is the remainder when q is divided by r(14)?
2
Let i = -110 + 65. Let k be i + (-1)/(-2)*0. Calculate the remainder when 3 is divided by k/(-20) - (-2)/(-8).
1
Let d be (-4)/(16/52) - -2. Let b = -13 - d. Let v(r) = -4*r**3 + r**2 + 7*r + 5. What is the remainder when v(b) is divided by 5?
2
Let h(b) = 2*b - 12. Let k be h(7). Suppose -12 = 10*r - 52. Suppose 65 = r*u + k*v + 13, 3*v + 27 = u. What is the remainder when 40 is divided by u?
10
Let j = 70 - 65. Suppose -101 = -w - 3*m, j*w + 14*m - 15*m - 537 = 0. Calculate the remainder when w is divided by 14.
9
Let n = 56 - 63. Let i = 19 - n. Let m(p) = -16*p - 15. Calculate the remainder when m(-4) is divided by i.
23
Suppose 4*j - 4 = 0, 0 = -3*p - 158*j + 161*j + 84. Suppose -394 = -2*i + 5*k, -2*i - 2*k = -3*i + 196. What is the remainder when i is divided by p?
18
Suppose 131*j - 750 = 125*j. Suppose 124*a = j*a - 240. What is the remainder when a is divided by 3?
0
Let l = -1703 - -479. Let m = -476 - l. Calculate the remainder when m is divided by 94.
90
Let y(w) = 15 + 12*w**3 - 24*w - 6*w**3 - 7*w**3 - 14*w**2. Let u be y(-12). What is the remainder when (-16)/(-80)*u/1 - -11 is divided by 2?
0
Suppose 0 = f - 3*u - 9 - 22, 3*f + u - 93 = 0. Let h = f - 24. What is the remainder when 1/1 + h - 3 is divided by 2?
1
Let u = -331 - -392. Let l(n) = n**3 + 5*n**2 - 6*n - 1. Let j be l(-5). Suppose 5*b = 126 + j. What is the remainder when u is divided by b?
30
Suppose s + 353 = 97. Let n = -242 - s. What is the remainder when 653 is divided by n?
9
Let r = -5 + 42. Suppose 5*v - 28 = -o, -6*o = -8*o + 2*v + 32. Let w(h) = 10*h - 71. What is the remainder when w(o) is divided by r?
35
Suppose 5*o - 5*t - 4 = 21, 3*t - 1 = -o. Suppose 4*q - 168 = -o*a, 37*a - 36*a - 38 = 3*q. What is the remainder when 143 is divided by a?
20
Let v(f) = -f. Let t(c) = -4*c + 15. Let i(l) = t(l) + 2*v(l). Suppose -18*g + 19*g = 5*b - 63, b = g + 15. What is the remainder when i(-3) is divided by b?
9
Let b = 26586 + -26580. Calculate the remainder when 350 is divided by b.
2
Suppose 137*x - 143*x = -5178. What is the remainder when x is divided by 30?
23
Suppose 282 = 15*p - 9*p. Calculate the remainder when 133 - (3 - (-6)/(-1)) is divided by p.
42
Suppose 16573 = -156*b + 199718 + 445379. Calculate the remainder when b is divided by 72.
69
Let x(r) = r**3 + 24*r**2 + 16*r - 132. Calculate the remainder when x(-19) is divided by 21.
4
Suppose 0 = 5*a + 2*u - 310 + 265, 3*u - 22 = -4*a. Suppose 4*g - 25 - 19 = 0. What is the remainder when a is divided by g?
2
Suppose 417*q - 247 = 404*q. Calculate the remainder when 1340 is divided by q.
10
Suppose -12 = -3*i - 3*x, 0 = 5*i + x - 4. Suppose -25*b = -312 + 87. Suppose 3*r + b*r - 156 = i. Calculate the remainder when 23 is divided by r.
10
Let t = -7 + 9. Let l(d) = -9*d**2 - 2 + 30*d + 4*d**3 + 6*d**2 - 28*d + 1. What is the remainder when 68 is divided by l(t)?
22
Let m = 31001 + -27195. Calculate the remainder when m is divided by 34.
32
Suppose -65*z = 3*u - 60*z - 53, 5*u = -2*z + 120. Let b = 79 - 5. Calculate the remainder when b is divided by u.
22
Suppose 0 = -f + 2 + 1. Let y = -226 + 230. Suppose y*b = f + 25. What is the remainder when 34 is divided by b?
6
Suppose -23 = -5*v + 112. Suppose -8*w - v = -11*w. Suppose 4*x + 4*r = -0*r + 36, -68 = -4*x + 4*r. What is the remainder when x is divided by w?
4
Let w(y) = -4*y**2 - 72*y - 9. What is the remainder when 420 is divided by w(-17)?
7
Suppose -l - 140 = -152. Let c(n) = 7*n - 1. Let i be c(-1). What is the remainder when 71/2 - l/i is divided by 20?
17
Suppose 380 = 39*p - 12*p - 6316. Calculate the remainder when 920 is divided by p.
176
Let n be 21472/55 - (-9)/15. Suppose -69 = 7*g - n. What is the remainder when 229 is divided by g?
45
Let v = -33061 - -33086. What is the remainder when 16170 is divided by v?
20
Suppose -4*j - 51 = -r + 37, 0 = -4*j - 24. Calculate the remainder when 90 is divided by r.
26
What is the remainder when 17040 is divided by (-706)/(-18) - (25 + (-6913)/279)?
36
Suppose 159 = 3*o - 25*k + 24*k, -2*o + 4*k = -126. What is the remainder when o is divided by (-2 - -2 - 4)*-1?
3
Let l(m) = -m**3 - 6*m**2 + 5*m - 7. Suppose 2*p - 3 + 67 = 0. Let s(k) = 2*k**2 + 64*k + 5. Calculate the remainder when l(-7) is divided by s(p).
2
Suppose 12 = 4*o, -u - 63 = -4*u - 3*o. Let n(t) = -8 + 7 + 24 + t. What is the remainder when n(u) is divided by 22?
19
Let z(i) = 4*i**2 + 29*i + 14. Suppose s = -3*c - 19, 2*c = -4*s + s - 8. What is the remainder when 18 is divided by z(c)?
4
Suppose 755 = -320*b + 323*b + 4*z, b = 3*z + 282. Calculate the remainder when 717 is divided by b.
195
Suppose -2*z + 608 - 194 = 0. What is the remainder when z is divided by 118/(-649) - 1/((-22)/312)?
11
Let g(d) = 14*d**2 + 4*d + 4. What is the remainder when 409 is divided by g(-2)?
45
Let h be 136/6 - 16/(-12). Suppose b + h - 70 = 0. Calculate the remainder when b is divided by 2/(-4)*(-48)/2.
10
Suppose 13*w = 8*w + 4*b + 32, -b = 3. Let c = -12 - 18. Calculate the remainder when 30/w*(-144)/c is divided by 14.
8
Suppose -x + 3 = 3*p, -9*x + 13*p = 15*p - 102. Calculate the remainder when 2383 is divided by x.
7
Suppose 2*n - y - 189 = 0, 7*n + 4*y + 291 = 10*n. What is the remainder when 362 is divided by n?
83
Suppose -4*p = -197 - 259. Let j = -42 + p. Let s(f) = -f**2 - 310*f - 8133. Calculate the remainder when j is divided by s(-29).
8
Let x = 129 + -124. Suppose x*y - 151 = l, -y + 58 = y - l. What is the remainder when y is divided by 4?
3
Suppose -35*g = 17*g - 7091 + 591. Calculate the remainder when g is divided by 116.
9
What is the remainder when 2547 is divided by (13 + 299/(-26))*-6 + 94?
82
Let r(f) be the second derivative of -2*f**3 + 31*f**2/2 - 20*f. Let x be r(21). Let c = -141 - x. Calculate the remainder when c is divided by 12.
8
Calculate the remainder when 996 is divided by 199/2*2 + (91 - 83).
168
Suppose 18*t - 21*t + 5*p = -277, -4*t + 8*p = -376. Calculate the remainder when 410 is divided by t.
74
Suppose -5*a + 590 = -5*c, 275*c = -5*a + 279*c + 592. What is the remainder when a is divided by (-153)/(-5) - (-4)/10?
27
Let q(j) = j**3 - j**2 - 45*j - 6. Let r be q(-6). Suppose -273 + 45 = -r*a. What is the remainder when 67 is divided by a?
10
Suppose w = -4*p + 803, -1149*p - 2472 = -3*w - 1154*p. What is the remainder when w is divided by 323?
193
Let c(j) = j**3 + 12*j**2 + 8*j + 7. Let p(d) = 2*d**2 + 2*d - 31. What is the remainder when c(-8) is divided by p(5)?
25
Suppose -12*w + 16*w = 96. Suppose -3*d = -4*d - w. Let y = 48 - d. Calculate the remainder when y is divided by 38.
34
Let t = -63 - -66. What is the remainder when 2/6*t*37*1 is divided by 20?
17
Suppose 143022*t - 8 = 143013*t + 10. What is the remainder when 953 is divided by t?
1
Let x(y) = 2*y**2 + 5